prime factors of g(1)?
2593
Let b be ((-2)/4)/((-3)/30). Suppose -14*c - 3 = -17. Suppose -n = 3*u - 39, -n + b = -4*u + c. List the prime factors of n.
2, 3
Suppose 6*v = 9*v - 9. Suppose v*i - 2582 = -272. List the prime factors of (-6)/5*i/(-28).
3, 11
Let q = -437 + 2734. What are the prime factors of q?
2297
Let w = -39 - -43. Suppose 0 = w*c - 2*c - 8, c - 309 = -5*j. List the prime factors of j.
61
Let k(y) = 7*y**3 - 48*y**2 - 5*y - 22. What are the prime factors of k(9)?
2, 7, 41
Suppose -z + 3*z = -5*x + 5048, -2*z + 5008 = -5*x. What are the prime factors of z?
2, 3, 419
Suppose -9*a + 68 = -3037. What are the prime factors of a?
3, 5, 23
Suppose -6*h + 587 = -55. Suppose 31 - h = -4*x. List the prime factors of x.
19
Suppose 0 = -2*z - 0*c - 4*c + 10, -3*z + 3*c = -15. Suppose 0*n = n - z. Suppose n*h + y - 176 = 0, 4*h = y - 6*y + 145. What are the prime factors of h?
5, 7
Let h(f) = -f - 5. Let c be h(-8). Let r be 33/(-6)*(c - 1). Let p = 25 + r. What are the prime factors of p?
2, 7
Let s be -3*3/27 - 2/(-6). Suppose u - 3*y - 29 = s, u - 15 = 5*y + 12. What are the prime factors of u?
2
Let x be (-324)/(-16) + (2 - 0)/(-8). What are the prime factors of x/(-8)*(-1434)/15?
239
Let s(f) = 4*f + 6. Let d be s(-2). What are the prime factors of ((-21)/(-2))/((-1)/d)?
3, 7
Suppose 236 = 8*y - 7*y. What are the prime factors of y?
2, 59
Let p = 6836 - 3225. List the prime factors of p.
23, 157
Suppose 0 = o - 14 + 9. Suppose 3*s = 7*s + 16, -60 = -2*t - o*s. What are the prime factors of t?
2, 5
Let b be 2/(-11) - (-96)/44. Suppose -f - 971 = -4*v, b*f = -3*f - 15. What are the prime factors of v?
2, 11
Let o(y) = 12*y**3 - y. Let p(n) = -n + 2. Let c be p(1). Let w be o(c). Suppose 22 + w = 3*t. What are the prime factors of t?
11
Let a = 12 + -8. List the prime factors of 70 - (a + -3 - 0).
3, 23
Let x be ((-6)/(-9))/(4/(-18)). Let f(a) = 7*a**2 - 4*a - 5. List the prime factors of f(x).
2, 5, 7
Suppose -2*o + 3*o - 3 = 2*m, -4*o = -5*m - 12. Suppose -3*i - 8 = y, 3*i = o*y - 28 + 4. List the prime factors of y.
2
Let k be ((-2)/3)/(2/(-9)). Suppose -5*q - 592 = -k*t, -12 = 4*q - 7*q. List the prime factors of t.
2, 3, 17
Suppose -2*k - 5 = -7*k, k = 4*b + 281. Let m = b - -111. What are the prime factors of m?
41
Let b = -39 + 97. Suppose 0 = d + d - b. Suppose -k + 2*k - d = 0. List the prime factors of k.
29
Let f(p) = p**2 + 5*p. Let k be f(-5). Suppose -4*r - h = -5*h, 3*r + 5*h - 32 = k. Suppose 8 + r = 3*a. What are the prime factors of a?
2
Suppose -5*l = 5*f - 430, 3*f - l - 78 = 2*f. Let s = f - 23. What are the prime factors of s?
59
Let d(y) be the second derivative of -1/2*y**3 + 1/12*y**4 - y**2 + 4*y + 0. What are the prime factors of d(-4)?
2, 13
Suppose 3*v + 5 - 23 = -4*o, 3*v - 2*o = 0. What are the prime factors of -2*(v - (-7)/((-56)/156))?
5, 7
Suppose 4*g + 5*x = 4 + 3, -5*x = -2*g + 41. Let p(a) = 5*a + 4. Let m be p(g). Let o = m - 18. List the prime factors of o.
2, 13
Suppose -12*d - 28236 = -38*d. List the prime factors of d.
2, 3, 181
Suppose 3*a - 31 = -16. Suppose -232 = a*i - 9*i. What are the prime factors of i?
2, 29
Suppose z - 5*g - 2581 = -0*g, 3*g + 12883 = 5*z. List the prime factors of z.
2, 7, 23
Suppose -4041 = -3*y + 5*k, 8*k + 2716 = 2*y + 12*k. What are the prime factors of y?
2, 13
Suppose 0 = -z - 3*d + 11 - 6, z - 15 = -5*d. Let m = 32 - z. List the prime factors of m.
2, 3, 7
Let x = 124 - 122. Suppose -x*d = 4*d - 24. What are the prime factors of d?
2
Suppose -12 = -y - 3*y. Let b be 10 + -11 + 6/2. List the prime factors of (1/y)/(b/132).
2, 11
Suppose 5*i + 194 = 2*y, 4*i = 3*i - y - 43. Let z = 43 + i. What are the prime factors of z + 0 - -67 - -4?
2, 37
Let h be 2*-1 - 133/(-19). Suppose h*x - 673 = 322. Suppose -2*m + x = 4*s - 5*m, 4*m - 116 = -2*s. What are the prime factors of s?
2, 13
Let h(f) = -f**3 - 22*f**2 - 20*f - 31. What are the prime factors of h(-22)?
409
Suppose 314 = 2*q + 2*h - 90, 2*q - 404 = -4*h. List the prime factors of q.
2, 101
Let b = 1248 + -111. List the prime factors of b.
3, 379
Let q = 2044 + -407. List the prime factors of q.
1637
Suppose -15 = -4*w + 3*h, h = -5 - 0. Let t be 37/2 - 2/4. Suppose w = 3*s - 3 - t. List the prime factors of s.
7
Let t be (-5)/(399/(-99) - -4). Let l = t - 19. List the prime factors of l.
2, 73
Let v(x) = 7*x**3 - 7*x**2 + 17*x - 3. List the prime factors of v(4).
401
Let x be (18/8)/((-24)/(-32)). What are the prime factors of (x*(-2)/(-6))/(1/127)?
127
Suppose 74 = 47*l - 46*l. Let j = 78 - l. What are the prime factors of j?
2
Let f(m) = -m**2 - 2*m + 24. Let o be f(0). Suppose 0 = s + s + 2*d - 8, 3*d - o = -5*s. Let v = 64 - s. What are the prime factors of v?
2, 29
Let o(w) = w**3 + 37*w**2 - 7*w - 177. List the prime factors of o(-36).
3, 457
Let o be (146/(-4))/((-2)/20). Suppose 2*m - o = -119. List the prime factors of m.
3, 41
Let f = 6354 + -4092. What are the prime factors of f?
2, 3, 13, 29
Let n = 0 - -5. Suppose 3*f + y = -0*y + 564, n*f - 940 = -5*y. Suppose -10*c + 6*c + f = 0. List the prime factors of c.
47
Suppose -o + 5*q = q + 116, -4*o - 416 = -4*q. Let c = o + 194. List the prime factors of c.
2, 47
Let m be 382/3 - (5/3)/5. Let q = m - 69. List the prime factors of q.
2, 29
Suppose 6*x - x - 24 = 2*u, 3*u + 14 = 2*x. Suppose 3*p - p = -3*g + 281, -567 = -x*p - 5*g. List the prime factors of p.
2, 37
Let d be 17/(-4*(-4)/80). Suppose 13*x = -d + 1541. List the prime factors of x.
2, 7
Suppose 0 = 4*y - 101 - 383. Let d = -157 + 76. Let t = d + y. List the prime factors of t.
2, 5
Let o = 42 + -39. Suppose -17 - 7 = -o*f. What are the prime factors of f?
2
List the prime factors of ((-2010)/(-12))/(-1*(-2)/4).
5, 67
Let u(a) = 889*a - 45. List the prime factors of u(3).
2, 3, 19, 23
Let l = 33 + 220. Suppose l = 4*y + 9. Let z = -28 + y. List the prime factors of z.
3, 11
Suppose 20*m - 1640 = 18*m. What are the prime factors of m?
2, 5, 41
List the prime factors of (-1162)/(-4)*(207/(-63) + 5).
2, 3, 83
Let f(m) = -m**3 + 24*m**2 + 3*m + 116. List the prime factors of f(19).
2, 23, 43
Suppose 28*f = 12787 + 21569. List the prime factors of f.
3, 409
Suppose -13*c + 9*c = 0. Suppose 3*i - 2*g = 16, c*g - g = 3*i - 1. Suppose 56 = -0*h + 2*h - 3*w, -5*w + 88 = i*h. What are the prime factors of h?
2, 17
Let m(o) = 28*o**2 - 2*o + 1. List the prime factors of m(2).
109
Let p = -32 - -210. List the prime factors of p.
2, 89
Let c = -909 + 1490. What are the prime factors of c?
7, 83
Let d be (-2 + (-5)/(-4))*4. Let j = 16 + d. What are the prime factors of j?
13
Let t = 8 + -6. Suppose 2*p + 17 = -5*q, p - q = -t*p. List the prime factors of (-25)/(0 + (p - 0)).
5
Suppose 0 = -4*u - 4*n + 152, 0*u - 3*u + 129 = -2*n. Suppose u*c - 194 = 40*c. What are the prime factors of c?
2, 97
Suppose 0 = -54*j + 48*j + 7614. What are the prime factors of j?
3, 47
Let d(g) = g**3 - 4*g**2 - 25*g - 31. List the prime factors of d(13).
5, 233
Let i = 0 - -5. Suppose 3*j = -2*b + 2*j + 7, 17 = b + i*j. Suppose 2*r - 21 = 5*c, -b*r + 0*r - 5*c = -31. What are the prime factors of r?
13
Let y = -421 + 842. List the prime factors of y.
421
Let p(m) = m**3 + 23*m**2 + 22*m + 27. Let d = -47 + 25. List the prime factors of p(d).
3
Let r be (60/9)/((-6)/(-9)). Let x = r - -8. Suppose 0 = -2*w + 5*w - x. What are the prime factors of w?
2, 3
Let h be (170/15 - 3)*3. What are the prime factors of 4405/h - (-4)/(-20)?
2, 11
Suppose 0 = 10*d - 5*d - 5275. List the prime factors of d.
5, 211
Let v = 93 - 111. What are the prime factors of (-12)/(-10)*((-21360)/v)/4?
2, 89
Let n(s) be the second derivative of s**6/720 + 13*s**5/120 + s**4/4 + 4*s. Let u(b) be the third derivative of n(b). What are the prime factors of u(0)?
13
Suppose 2*o = 5*t - 20, 3*o = -3*t + 2*t + 4. Suppose o = k - 4*u - 123, -2*k + 681 = 3*k + 2*u. Suppose 5*x - 35 = k. List the prime factors of x.
2, 17
Let v = 20 + -31. Let w = 135 + v. What are the prime factors of w?
2, 31
Suppose -1429 = 18*n - 4309. What are the prime factors of n?
2, 5
Suppose -167*x + 159*x + 4016 = 0. What are the prime factors of x?
2, 251
Let y be -2 + (4 - -2)*-1. Let c = -6 - y. Suppose 112 = -2*f + 4*f - 2*d, c*f = -4*d + 112. What are the prime factors of f?
2,